e remainder when 396 is divided by 99.
0
Calculate the remainder when 965 is divided by 266.
167
What is the remainder when 900 is divided by 889?
11
What is the remainder when 172 is divided by 10?
2
Calculate the remainder when 407 is divided by 28.
15
What is the remainder when 146 is divided by 25?
21
Calculate the remainder when 688 is divided by 417.
271
Calculate the remainder when 458 is divided by 35.
3
Calculate the remainder when 766 is divided by 110.
106
Calculate the remainder when 518 is divided by 169.
11
What is the remainder when 332 is divided by 84?
80
What is the remainder when 911 is divided by 11?
9
What is the remainder when 635 is divided by 5?
0
Calculate the remainder when 190 is divided by 13.
8
What is the remainder when 54 is divided by 52?
2
What is the remainder when 34090 is divided by 18?
16
Calculate the remainder when 114 is divided by 10.
4
What is the remainder when 210 is divided by 184?
26
What is the remainder when 853 is divided by 9?
7
Calculate the remainder when 125 is divided by 65.
60
Calculate the remainder when 3228 is divided by 101.
97
What is the remainder when 2272 is divided by 754?
10
Calculate the remainder when 600 is divided by 43.
41
Calculate the remainder when 31823 is divided by 25.
23
Calculate the remainder when 60 is divided by 32.
28
Calculate the remainder when 580 is divided by 391.
189
What is the remainder when 381 is divided by 55?
51
Calculate the remainder when 214 is divided by 58.
40
Calculate the remainder when 254 is divided by 41.
8
Calculate the remainder when 101 is divided by 43.
15
What is the remainder when 2176 is divided by 52?
44
What is the remainder when 387 is divided by 3?
0
What is the remainder when 594 is divided by 22?
0
What is the remainder when 175 is divided by 53?
16
What is the remainder when 257 is divided by 131?
126
Calculate the remainder when 123 is divided by 66.
57
Calculate the remainder when 64 is divided by 33.
31
Calculate the remainder when 1053 is divided by 22.
19
What is the remainder when 138 is divided by 25?
13
Calculate the remainder when 756 is divided by 745.
11
What is the remainder when 2271 is divided by 63?
3
What is the remainder when 2468 is divided by 7?
4
What is the remainder when 1029 is divided by 147?
0
Calculate the remainder when 384 is divided by 3.
0
What is the remainder when 3374 is divided by 8?
6
What is the remainder when 603 is divided by 33?
9
What is the remainder when 1782 is divided by 17?
14
Calculate the remainder when 5127 is divided by 38.
35
What is the remainder when 746 is divided by 65?
31
Calculate the remainder when 61349 is divided by 50.
49
Calculate the remainder when 538 is divided by 180.
178
Calculate the remainder when 104 is divided by 38.
28
What is the remainder when 782 is divided by 29?
28
What is the remainder when 145 is divided by 49?
47
What is the remainder when 3058 is divided by 20?
18
What is the remainder when 263 is divided by 38?
35
What is the remainder when 2345 is divided by 34?
33
Calculate the remainder when 757 is divided by 95.
92
Calculate the remainder when 1346 is divided by 50.
46
What is the remainder when 11 is divided by 7?
4
What is the remainder when 650 is divided by 642?
8
What is the remainder when 18 is divided by 2?
0
Calculate the remainder when 1078 is divided by 20.
18
What is the remainder when 2092 is divided by 123?
1
Calculate the remainder when 71 is divided by 28.
15
What is the remainder when 95 is divided by 8?
7
Calculate the remainder when 695 is divided by 141.
131
Calculate the remainder when 364 is divided by 132.
100
What is the remainder when 393 is divided by 57?
51
What is the remainder when 1609 is divided by 10?
9
Calculate the remainder when 1024 is divided by 627.
397
What is the remainder when 2685 is divided by 17?
16
What is the remainder when 125 is divided by 55?
15
Calculate the remainder when 2068 is divided by 252.
52
What is the remainder when 503 is divided by 23?
20
Calculate the remainder when 12276 is divided by 46.
40
What is the remainder when 1056 is divided by 29?
12
What is the remainder when 2013 is divided by 14?
11
Calculate the remainder when 390 is divided by 221.
169
Calculate the remainder when 638 is divided by 64.
62
What is the remainder when 184 is divided by 63?
58
Calculate the remainder when 836 is divided by 791.
45
Calculate the remainder when 987 is divided by 124.
119
Calculate the remainder when 80 is divided by 27.
26
Calculate the remainder when 780 is divided by 33.
21
Calculate the remainder when 127 is divided by 88.
39
What is the remainder when 26 is divided by 10?
6
What is the remainder when 237 is divided by 27?
21
What is the remainder when 74 is divided by 25?
24
Calculate the remainder when 2679 is divided by 23.
11
Calculate the remainder when 1271 is divided by 24.
23
What is the remainder when 268 is divided by 141?
127
Calculate the remainder when 3225 is divided by 293.
2
What is the remainder when 382 is divided by 76?
2
Calculate the remainder when 733 is divided by 21.
19
Calculate the remainder when 175 is divided by 156.
19
Calculate the remainder when 1148 is divided by 72.
68
What is the remainder when 9980 is divided by 62?
60
What is the remainder when 274 is divided by 23?
21
What is the remainder when 331 is divided by 58?
41
What is the remainder when 147 is divided by 42?
21
What is the remainder when 150 is divided by 134?
16
What is the remainder when 135 is divided by 30?
15
Calculate the remainder when 2468 is divided by 38.
36
Calculate the remainder when 31 is divided by 6.
1
Calculate the remainder when 2619 is divided by 130.
19
What is the remainder when 1921 is divided by 55?
51
What is the remainder when 571 is divided by 34?
27
Calculate the remainder when 64 is divided by 28.
8
What is the remainder when 691 is divided by 223?
22
What is the remainder when 107 is divided by 95?
12
Calculate the remainder when 1717 is divided by 40.
37
Calculate the remainder when 24499 is divided by 175.
174
What is the remainder when 1277 is divided by 318?
5
Calculate the remainder when 449 is divided by 75.
74
What is the remainder when 2740 is divided by 125?
115
Calculate the remainder when 174 is divided by 24.
6
What is the remainder when 36 is divided by 12?
0
What is the remainder when 8845 is divided by 14?
11
What is the remainder when 64 is divided by 24?
16
What is the remainder when 646 is divided by 87?
37
What is the remainder when 509 is divided by 57?
53
Calculate the remainder when 150 is divided by 143.
7
Calculate the remainder when 623 is divided by 5.
3
Calculate the remainder when 146 is divided by 3.
2
What is the remainder when 1261 is divided by 25?
11
What is the remainder when 156 is divided by 15?
6
What is the remainder when 7725 is divided by 112?
109
What is the remainder when 2434 is divided by 116?
114
What is the remainder when 86 is divided by 15?
11
Calculate the remainder when 606 is divided by 16.
14
What is the remainder when 61 is divided by 10?
1
Calculate the remainder when 77 is divided by 15.
2
What is the remainder when 12266 is divided by 141?
140
What is the remainder when 76 is divided by 41?
35
Calculate the remainder when 190 is divided by 64.
62
What is the remainder when 9340 is divided by 54?
52
What is the remainder when 639 is divided by 14?
9
What is the remainder when 11074 is divided by 26?
24
What is the remainder when 601 is divided by 67?
65
What is the remainder when 500 is divided by 21?
17
What is the remainder when 34 is divided by 24?
10
Calculate the remainder when 1486 is divided by 490.
16
What is the remainder when 1501 is divided by 208?
45
What is the remainder when 98 is divided by 14?
0
What is the remainder when 390 is divided by 14?
12
What is the remainder when 197 is divided by 53?
38
Calculate the remainder when 1790 is divided by 14.
12
Calculate the remainder when 283 is divided by 71.
70
Calculate the remainder when 2017 is divided by 502.
9
What is the remainder when 307 is divided by 13?
8
Calculate the remainder when 36 is divided by 31.
5
Calculate the remainder when 247 is divided by 12.
7
What is the remainder when 5234 is divided by 34?
32
Calculate the remainder wh